*y. Let n be 4/(-20)*50/(-2). Determine m(n).
5
Suppose -3*t - 1 = 2. Let d(r) be the first derivative of -3*r**2 - r**2 + 12 - 3*r**2 + 5*r**2. What is d(t)?
4
Suppose -4*q - 3*h = q - 6, -h + 2 = 4*q. Let r(m) = -m**3 - m**2 + m + 1. Determine r(q).
1
Let v = 10 + -5. Let w(h) be the third derivative of -h**6/720 + 7*h**5/120 + h**4/12 + 2*h**2. Let t(y) be the second derivative of w(y). Give t(v).
2
Let q(p) be the first derivative of -2 + 0*p + 0*p**2 - 1/3*p**3 + 1/2*p**4. Let d be (3/(-2))/((-15)/10). Determine q(d).
1
Let w(m) = -3*m. Let h(i) = -11*i - 1. Let o(k) = 3*h(k) - 8*w(k). Give o(-2).
15
Let x = 2 + 2. Let j be (3 - 0)*(2 - 1). Let m(r) = -2*r**2 - 2 + j*r**2 + 0*r - 3*r + 7. What is m(x)?
9
Let l(u) = u - 3. Let n be l(-3). Let v(d) = 2*d + 12. Let x(p) = 4*p + 23. Let o(w) = -5*v(w) + 3*x(w). Determine o(n).
-3
Let z = 11 + -9. Suppose z*v + 5*j = 16, 2 - 1 = v - j. Let b(x) = -x**3 + 2*x**2 + 2*x + 2. Calculate b(v).
-1
Let o(h) = -2*h**2 + 4*h. Let c(f) = 3*f**2 - 9*f. Let x(q) = -4*c(q) - 9*o(q). Suppose n = 5*u - 0*n + 7, 0 = 3*u - 3*n + 9. Give x(u).
6
Let f be ((-4)/(-3))/((-8)/12). Let z be f + 2 - (-5 + 2). Let n(b) = z*b - 5*b + b. Calculate n(6).
-6
Let t be (144/20)/6 + 1/(-5). Let w(c) = 5*c**2 - 1. Calculate w(t).
4
Let w(p) = p + 1. Let t(u) = 5 + u**3 - u**2 - 2*u**2 + 10*u - 3*u**2. Let q(d) = -t(d) + 6*w(d). Suppose -2 = 2*s, -2*j + s = 2*j - 21. What is q(j)?
6
Let f(b) be the third derivative of b**2 + 0*b + 0 + 1/24*b**4 - 1/120*b**6 + 1/6*b**3 - 1/60*b**5. Determine f(-2).
3
Let y = -7 - -10. Suppose 0 = y*c - 6 - 6. Let r(b) = b**3 - 4*b**2 + b - 5. Determine r(c).
-1
Let b(d) = -5*d**2 - 5*d + 5. Let t(y) = -4*y**2 - 4*y + 4. Let f be (-20)/8*(0 - -2). Let a(k) = f*b(k) + 6*t(k). Let v be 10/14 - (-4)/14. Calculate a(v).
1
Suppose -2*c + 0 = -4. Let d(k) = 0*k**c + 2*k**2 + k - 1 - 6*k**2 - 2. Let l(m) = -11*m**2 + 3*m - 8. Let r(i) = 8*d(i) - 3*l(i). Calculate r(1).
0
Let r(x) = -x**3 + 3*x - 3. Let t be r(0). Let i(g) = -g**3 - g**2 + 4*g + 1. Determine i(t).
7
Let d(w) be the third derivative of w**5/20 + w**4/24 - w**3/6 - w**2. Let f(i) = -2*i - 5 - 2*i + 5*i. Let g be f(6). Determine d(g).
3
Suppose -2*h + 2 = 10. Let m(i) = -4*i + 4*i**2 - 3*i**2 + 9*i. What is m(h)?
-4
Let u be 1 + (-2 - (0 + -3)). Suppose 0 = -u*f + f. Let l(n) = -n**3 - 7. Calculate l(f).
-7
Let u(x) = -x**2 + 6*x + 8. Let g(r) = -r**3 + 5*r**2 + r + 2. Let m be g(5). What is u(m)?
1
Let h(g) = g - 7. Let r be h(7). Suppose -5*c + d = -5, -4*c - 17 = -r*c - 5*d. Let m(n) = -c + n**2 + 3 - n**2 - n**3 + n. Calculate m(-1).
1
Let x(h) = h**2. Let y(m) be the second derivative of m**4/12 + m**3/6 - m**2/2 + 5*m. Let a(b) = 3*x(b) - y(b). What is a(-2)?
11
Suppose 3*z = 7*z + 20. Let m(s) be the third derivative of -s**4/24 - 2*s**3/3 - s**2. What is m(z)?
1
Let c(k) = -11*k**2 + 6*k + 16. Let o(t) = 4*t**2 - 2*t - 5. Let m(v) = 3*c(v) + 8*o(v). Calculate m(6).
-16
Suppose 0 = 5*k - 2*g - 3*g + 10, 3*k + 6 = -3*g. Let a(n) = 2*n**2 + 3*n. Give a(k).
2
Let j = -1 + -3. Let y(o) = 1. Let m(a) = -4*a - 3. Let x(w) = j*y(w) - m(w). Let h be (1 - (2 + -2))/(-1). What is x(h)?
-5
Suppose q - 10 = -4*q. Let o(z) = 2*z + q*z**3 - 3*z**3 - 2 - 2*z**2 - 1. Suppose -2*h + 6*a = a + 6, 3*a = -3*h - 9. Determine o(h).
0
Let h be 2*2*(-99)/(-36). Let y(i) = -25*i - 5. Let q(z) = 5*z + 1. Let w(b) = h*q(b) + 2*y(b). Determine w(-3).
-14
Let y(n) = 3*n + 1. Let l(g) be the third derivative of g**4/12 + g**3/2 + 4*g**2. Let p be l(-3). Determine y(p).
-8
Let z(r) = -r**2 + 8*r - 6. Suppose 4*o + 1 = -c + 3, 3*c - 4*o - 22 = 0. Determine z(c).
6
Let u(p) be the first derivative of p**4 - 4*p**3/3 + p**2/2 + 2*p + 18. Calculate u(2).
20
Let f(x) be the second derivative of 0 - 5/6*x**3 + 5*x - 1/2*x**2. Determine f(-2).
9
Let z(b) = -2*b. Let p(u) = u**3 + 5*u**2 - u - 1. Let d be p(-5). Suppose 0 = d*h - 1 - 7. Let y be (-1 + 2)*(3 - h). Give z(y).
-2
Let d = -2 - -1. Let u be (3 + 0/1)*1. Let a(w) = -w**3 + 6*w**u - 6*w**3. Give a(d).
1
Let z(q) = q - 91 + q - 3*q + 87. Determine z(-3).
-1
Let m(g) = -15*g**3 + g - 1. Let k be (1 - (-3)/(-2))*-2. Calculate m(k).
-15
Let t(o) = 1 + 8 + 0 - o**3 - 12*o**2 - 2 - 10*o. Let s be t(-11). Let w(n) = -n - 2. Calculate w(s).
2
Let t be (-2)/8 - 38/8. Let q(z) = -7*z - 7 - 12*z + 0*z + 17*z. Give q(t).
3
Let y(z) = -2*z**3 - z**2 + z + 1. Let m be y(-1). Let s(i) = -i - 6. Let b(x) = -1. Let c(w) = 6*b(w) - s(w). Determine c(m).
1
Suppose 3*z - p + 2 = 0, z - 23 = 3*z - 5*p. Let v(a) = -16*a + 7*a + 10*a - z. What is v(6)?
5
Let m(j) = 5*j - 2. Let u(k) be the second derivative of k**5/20 - k**4/12 - k**2 + 3*k. Let a be u(2). What is m(a)?
8
Let b(f) be the third derivative of 0*f + 0 - 1/120*f**5 - 1/2*f**3 + 0*f**4 + 2*f**2. Let a(k) be the first derivative of b(k). Determine a(2).
-2
Suppose -2*i + 0 + 6 = 0. Let y(r) = -2 + i + r**2 + 5 - 4 - r. What is y(2)?
4
Suppose 2*t = 5*l + 65, -3*l + t - 38 = -0*l. Let v = -17 - l. Let k(s) = s**2 + 6*s + 2. Let j be k(v). Let d(n) = 2*n**3 - 4*n**2 + 2*n + 1. What is d(j)?
5
Let c be (-6)/8 + (-84)/16. Let q(r) = 7*r - 1. Let l(f) = -6*f + 1. Let o(w) = -6*l(w) - 5*q(w). What is o(c)?
-7
Let l(k) be the third derivative of k**5/60 - k**4/4 - 7*k**3/6 + 5*k**2. What is l(7)?
0
Suppose -z + 0 = b - 8, 5*b - 20 = -z. Let a(k) = 3*k - 2. Give a(b).
7
Let k(g) = g - 5. Let v(l) = -2*l + 9. Let t(a) = 7*k(a) + 3*v(a). Let n be t(6). Let i(h) = h + 1. Give i(n).
-1
Let y be (-14)/(-3) - 4/6. Let c = -4 - -6. Let f(n) = n**3 - 2*n + n**3 - 4*n + c - 3*n**2 - n**3. Determine f(y).
-6
Let d(p) = -5*p**2 - 3*p + 9. Let z(n) = -4*n**2 - 4*n + 8. Let b(m) = 5*d(m) - 6*z(m). Calculate b(6).
15
Let l(a) = a**2 + a + 5. Let j be l(0). Let y = -11 + 18. Let k(u) = 0 + 8*u - u**2 + y - 3*u. What is k(j)?
7
Let m(i) = -i**3 - 6*i**2 - 11*i - 9. Let q be m(-4). Let f(d) = -d - 3. Let n be f(-6). Let z(o) = 2 + 2*o**2 - o**2 - 4 - n*o. Determine z(q).
-2
Let g(c) = c**3 + 4*c**2 - 4. Suppose -8 = -4*k - 4*j, -k + 0*k - 2 = 5*j. Let r(n) = 5 + 5*n + 3 - k*n. Let t be r(-6). Give g(t).
-4
Let g(j) = -j**3 - 5*j**2 + 3*j - 2. Suppose -4*h = -x - 0*x + 3, -2*x = 2*h - 26. Let v(t) = -t**3 + 10*t**2 + 11*t - 5. Let q be v(x). Give g(q).
-17
Let b(z) = -z**2 + 3*z - 1. Let h be ((-72)/(-30))/(4/10). Let p(i) = -i**3 + 5*i**2 + 8*i - 9. Let r be p(h). What is b(r)?
-1
Let c(y) = 3*y**3 - 4*y**2 + 3*y + 3. Let r(l) = -13*l**3 + 15*l**2 - 13*l - 12. Let f(w) = -9*c(w) - 2*r(w). Give f(6).
-9
Let x(d) = -2*d + 33*d**2 + 2*d**3 - 35*d**2 - d**3. Give x(3).
3
Let c(w) be the second derivative of -w**4/12 + 5*w**3/6 + 7*w**2/2 + 14*w. Calculate c(5).
7
Let q(u) be the second derivative of -3*u**2 + 0 - 1/3*u**3 - 2*u. Let s be -3 - 6/(-1 + 3). What is q(s)?
6
Let c(a) = a - 3. Let j(i) = i + 1. Let d(t) = -5*t - 2. Let y(w) = -d(w) - 4*j(w). Let f be y(2). Suppose f = 3*q + 1 - 16. Calculate c(q).
2
Suppose -2*c + 3*c - 1 = b, 1 = -b + 3*c. Let z(y) = -3*y - 1. Give z(b).
2
Let a(l) = -l - 2. Let x = 1 - 5. Let n = x - -4. Suppose n = 3*m - 0*m. Calculate a(m).
-2
Suppose -t - 2*t + 66 = 0. Let d = t - 19. Let k(i) = 3*i - 2. Determine k(d).
7
Suppose 0 = -2*u - a - 3, a - 15 = 6*a. Let k(c) = 4*c + 4 - 2 - 3*c + 5*c**2 + c**3 - 6*c**2. Give k(u).
2
Suppose 18 = 3*a + 3*c - 3, -c - 5 = -2*a. Let r(q) = q + 2*q - 2*q + 3 + a. Let k(h) = h**2 + 8*h. Let j be k(-8). Determine r(j).
7
Let a(h) = -h**3 + 6*h**2 - 7*h + 1. Suppose 0 = -b + 3*b + 4*l - 8, -3*b + 3*l = -12. Let v = b - -1. What is a(v)?
-9
Let b(o) be the third derivative of -o**7/2520 - o**6/144 - o**5/40 - o**4/24 + 3*o**2. Let w(v) be the second derivative of b(v). Determine w(-5).
-3
Let p(l) = -l**3 - 7*l**2 + l - 2. Let x be (0 + 2)/((-4)/14). Calculate p(x).
-9
Suppose 4*w = 8, w - 17 = -3*a - 0*w. Let l(m) = -2 - m**2 - 5*m**2 + 4*m**2 + a*m. What is l(3)?
-5
Let h(g) be the first derivative of 2*g**3/3 + 2*g**2 - 2. Let j be h(-3). Let d be 2/j + 2/(-6). Let x(l) = -l**3 + l**2 + l - 8. Give x(d).
-8
Let m(x) = 11 + 6*x - 3*x - 4*x + 3. Calculate m(0).
14
Let m be -2 + 0 - (-8)/(-8). Let a(d) = d**3 + 3*d**2 - d - 4. Determine a(m).
-1
Let v = -2 + 4. Let t = 5 - 2. Suppose v*u + 20 = -t*u. Let m(q) = q**2 + 3*q - 5. C